?
0
What is the units digit of 2811004?
4
What is the units digit of 190687?
7
What is the hundred thousands digit of 2900866?
9
What is the units digit of 19069706?
6
What is the thousands digit of 113379?
3
What is the units digit of 7405085?
5
What is the tens digit of 251955?
5
What is the hundred thousands digit of 3908618?
9
What is the ten thousands digit of 214134?
1
What is the millions digit of 14248951?
4
What is the hundreds digit of 279070?
0
What is the tens digit of 200257?
5
What is the tens digit of 27968?
6
What is the thousands digit of 4528354?
8
What is the hundreds digit of 20901?
9
What is the thousands digit of 21070683?
0
What is the ten thousands digit of 153299?
5
What is the ten thousands digit of 179997?
7
What is the hundred thousands digit of 134065?
1
What is the thousands digit of 5621020?
1
What is the ten thousands digit of 173366?
7
What is the tens digit of 1148961?
6
What is the millions digit of 2521061?
2
What is the millions digit of 6503657?
6
What is the hundred thousands digit of 4553285?
5
What is the millions digit of 10027981?
0
What is the hundreds digit of 2412024?
0
What is the tens digit of 409688?
8
What is the units digit of 224703?
3
What is the hundred thousands digit of 22254452?
2
What is the units digit of 202313?
3
What is the millions digit of 6288553?
6
What is the millions digit of 14068430?
4
What is the ten thousands digit of 4432467?
3
What is the thousands digit of 751167?
1
What is the hundred thousands digit of 2006246?
0
What is the ten thousands digit of 36961?
3
What is the hundreds digit of 125067?
0
What is the hundreds digit of 4909143?
1
What is the hundred thousands digit of 9720446?
7
What is the thousands digit of 8458?
8
What is the thousands digit of 5574763?
4
What is the ten thousands digit of 1532577?
3
What is the thousands digit of 162979?
2
What is the thousands digit of 213563?
3
What is the hundred thousands digit of 359465?
3
What is the ten thousands digit of 5471567?
7
What is the thousands digit of 381209?
1
What is the hundreds digit of 1538632?
6
What is the tens digit of 1036350?
5
What is the tens digit of 1422306?
0
What is the ten thousands digit of 8208783?
0
What is the units digit of 60652?
2
What is the hundred thousands digit of 3851648?
8
What is the ten thousands digit of 65344?
6
What is the hundreds digit of 5594187?
1
What is the units digit of 1297359?
9
What is the millions digit of 23214817?
3
What is the tens digit of 454478?
7
What is the units digit of 14335672?
2
What is the ten thousands digit of 103869?
0
What is the tens digit of 963705?
0
What is the units digit of 4619061?
1
What is the hundred thousands digit of 15040457?
0
What is the hundreds digit of 85771?
7
What is the ten thousands digit of 392794?
9
What is the millions digit of 2848396?
2
What is the thousands digit of 535801?
5
What is the hundred thousands digit of 429308?
4
What is the ten thousands digit of 46433?
4
What is the hundred thousands digit of 582014?
5
What is the tens digit of 16242687?
8
What is the hundreds digit of 3900358?
3
What is the ten millions digit of 13695060?
1
What is the thousands digit of 742498?
2
What is the tens digit of 21407?
0
What is the units digit of 924555?
5
What is the thousands digit of 10353171?
3
What is the hundreds digit of 69172?
1
What is the ten thousands digit of 11999940?
9
What is the tens digit of 1472145?
4
What is the millions digit of 20253997?
0
What is the tens digit of 2799822?
2
What is the hundreds digit of 1042288?
2
What is the thousands digit of 1834958?
4
What is the ten thousands digit of 1906467?
0
What is the thousands digit of 384523?
4
What is the tens digit of 5893733?
3
What is the hundreds digit of 13325857?
8
What is the units digit of 33756?
6
What is the tens digit of 4697358?
5
What is the thousands digit of 258579?
8
What is the tens digit of 117527?
2
What is the thousands digit of 2549173?
9
What is the hundred thousands digit of 5008353?
0
What is the millions digit of 2814850?
2
What is the units digit of 6883986?
6
What is the hundreds digit of 114372?
3
What is the tens digit of 21306298?
9
What is the units digit of 941808?
8
What is the ten millions digit of 11661522?
1
What is the hundreds digit of 34170881?
8
What is the hundred thousands digit of 1874338?
8
What is the units digit of 25022149?
9
What is the hundred thousands digit of 2871708?
8
What is the thousands digit of 634183?
4
What is the hundred thousands digit of 9848151?
8
What is the tens digit of 2639364?
6
What is the hundred thousands digit of 375586?
3
What is the ten millions digit of 22658334?
2
What is the ten thousands digit of 11508148?
0
What is the hundreds digit of 9396?
3
What is the units digit of 3456779?
9
What is the units digit of 2259065?
5
What is the units digit of 114159?
9
What is the ten thousands digit of 4737062?
3
What is the millions digit of 2593802?
2
What is the tens digit of 11419913?
1
What is the hundreds digit of 16861771?
7
What is the units digit of 793356?
6
What is the hundreds digit of 1465520?
5
What is the hundreds digit of 1641594?
5
What is the tens digit of 3546124?
2
What is the hundreds digit of 9512109?
1
What is the thousands digit of 12021801?
1
What is the units digit of 7800862?
2
What is the tens digit of 326833?
3
What is the hundreds digit of 4332841?
8
What is the hundred thousands digit of 817440?
8
What is the tens digit of 4495760?
6
What is the hundreds digit of 620282?
2
What is the hundred thousands digit of 308919?
3
What is the millions digit of 6384037?
6
What is the hundreds digit of 3835591?
5
What is the millions digit of 1438701?
1
What is the thousands digit of 6992383?
2
What is the hundreds digit of 550372?
3
What is the ten thousands digit of 217893?
1
What is the units digit of 1041955?
5
What is the ten thousands digit of 5551521?
5
What is the units digit of 245191?
1
What is the thousands digit of 3025681?
5
What is the units digit of 6022960?
0
What is the hundreds digit of 12657?
6
What is the hundred thousands digit of 1118421?
1
What is the ten thousands digit of 665333?
6
What is the hundreds digit of 126034?
0
What is the thousands digit of 395027?
5
What is the thousands digit of 223804?
3
What is the tens digit of 2611842?
4
What is the tens digit of 5438266?
6
What is the tens digit of 89396?
9
What is the tens digit of 292537?
3
What is the units digit of 247256?
6
What is the ten thousands digit of 4360628?
6
What is the hundreds digit of 4901844?
8
What is the hundred thousands digit of 559919?
5
What is the ten thousands digit of 270662?
7
What is the units digit of 1255746?
6
What is the millions digit of 17663518?
7
What is the units digit of 6252499?
9
What is the hundreds digit of 93344?
3
What is the tens digit of 2848351?
5
What is the hundred thousands digit of 345030?
3
What is the tens digit of 9770238?
3
What is the ten thousands digit of 529290?
2
What is the tens digit of 1154234?
3
What is the thousands digit of 1040644?
0
What is the millions digit of 1305553?
1
What is the tens digit of 154651?
5
What is the hundreds digit of 14645472?
4
What is the thousands digit of 1096961?
6
What is the hundreds digit of 332562?
5
What is the thousands digit of 23169496?
9
What is the units digit of 549238?
8
What is the tens digit of 3590185?
8
What is the hundred thousands digit of 8408572?
4
What is the tens digit of 1096233?
3
What is the units digit of 5905830?
0
What is the hundred thousands digit of 1707615?
7
What is the hundreds digit of 4835559?
5
What is the hundreds digit of 247484?
4
What is the millions digit of 1136547?
1
What is the hundreds digit of 72862?
8
What is the thousands digit of 102851?
2
What is the tens digit of 219511?
1
What is the hundreds digit of 2362999?
9
What is the units digit of 120976?
6
What is the thousands digit of 1932615?
2
What is the hundreds digit of 440981?
9
What is the hundreds digit of 9837377?
3
What is the thousands digit of 5010342?
0
What is the thousands digit of 2689783?
9
What is the tens digit of 7981217?
1
What is the millions digit of 2248063?
2
What is the thousands digit of 3564537?
4
What is the hundreds digit of 545773?
7
What is the units digit of 19264